ghest common divisor of 41640 and 120?
120
What is the highest common factor of 81 and 25434?
81
Calculate the highest common divisor of 58 and 1798.
58
Calculate the highest common factor of 36 and 720.
36
Calculate the greatest common factor of 320 and 20.
20
What is the highest common divisor of 481 and 14?
1
What is the highest common factor of 136 and 1032?
8
What is the greatest common factor of 22 and 34?
2
What is the highest common factor of 264 and 1386?
66
Calculate the highest common divisor of 4640 and 1760.
160
What is the highest common factor of 912 and 57?
57
What is the highest common divisor of 6 and 174?
6
Calculate the greatest common divisor of 12 and 324.
12
What is the highest common factor of 14 and 63?
7
Calculate the highest common factor of 5 and 229.
1
What is the highest common divisor of 110 and 55?
55
What is the highest common divisor of 1177 and 428?
107
Calculate the highest common divisor of 86 and 430.
86
Calculate the highest common divisor of 13 and 13.
13
Calculate the greatest common factor of 6 and 676.
2
What is the highest common factor of 681 and 454?
227
Calculate the highest common factor of 1414 and 98.
14
What is the greatest common divisor of 28 and 3188?
4
What is the highest common factor of 4 and 40?
4
What is the highest common factor of 28 and 10724?
28
Calculate the highest common factor of 667 and 29.
29
What is the greatest common divisor of 64 and 944?
16
What is the greatest common factor of 4360 and 440?
40
Calculate the highest common factor of 32 and 136.
8
Calculate the greatest common factor of 21 and 69.
3
What is the highest common divisor of 13722 and 24?
6
What is the greatest common divisor of 708 and 12?
12
Calculate the highest common factor of 78 and 962.
26
Calculate the greatest common divisor of 23927 and 71.
71
Calculate the greatest common divisor of 3996 and 108.
108
What is the greatest common factor of 69 and 851?
23
Calculate the greatest common factor of 3536 and 2873.
221
What is the highest common factor of 975 and 455?
65
What is the highest common factor of 215 and 10?
5
What is the greatest common divisor of 2401 and 224?
7
What is the highest common factor of 126 and 168?
42
What is the greatest common divisor of 640 and 5984?
32
Calculate the highest common divisor of 12 and 16380.
12
What is the greatest common factor of 100 and 1700?
100
Calculate the highest common factor of 271 and 72086.
271
What is the greatest common factor of 32 and 40?
8
Calculate the greatest common factor of 252 and 189.
63
Calculate the highest common divisor of 558 and 3534.
186
What is the highest common divisor of 22 and 11198?
22
Calculate the greatest common factor of 21 and 1498.
7
What is the highest common divisor of 525 and 225?
75
What is the highest common factor of 99 and 176?
11
Calculate the greatest common factor of 370 and 83990.
370
What is the highest common divisor of 504 and 152?
8
What is the highest common divisor of 112 and 1526?
14
What is the greatest common divisor of 1200 and 96?
48
What is the highest common divisor of 88 and 8?
8
Calculate the greatest common factor of 285 and 120.
15
Calculate the highest common factor of 33 and 1991.
11
Calculate the highest common factor of 42 and 462.
42
Calculate the highest common factor of 21 and 45.
3
Calculate the highest common factor of 95 and 228.
19
What is the greatest common factor of 40 and 18100?
20
Calculate the greatest common divisor of 134 and 13802.
134
Calculate the highest common factor of 156 and 351.
39
Calculate the greatest common factor of 73920 and 14.
14
What is the greatest common divisor of 124 and 4?
4
Calculate the greatest common factor of 143 and 22.
11
Calculate the greatest common factor of 74 and 555.
37
What is the highest common factor of 2788 and 68?
68
Calculate the greatest common divisor of 125 and 76625.
125
Calculate the greatest common factor of 8 and 27.
1
Calculate the greatest common factor of 200 and 4090.
10
Calculate the greatest common divisor of 598 and 736.
46
What is the highest common factor of 84 and 32?
4
Calculate the greatest common divisor of 297 and 1269.
27
What is the greatest common factor of 117 and 1872?
117
Calculate the greatest common factor of 5520 and 330.
30
Calculate the greatest common factor of 756 and 144.
36
What is the greatest common divisor of 44 and 200?
4
Calculate the highest common factor of 4 and 188.
4
Calculate the greatest common divisor of 5160 and 40.
40
Calculate the greatest common factor of 2950 and 350.
50
Calculate the highest common factor of 440 and 308.
44
What is the greatest common divisor of 5 and 625?
5
Calculate the highest common factor of 58 and 261.
29
Calculate the greatest common divisor of 10706 and 404.
202
What is the greatest common factor of 290 and 638?
58
What is the highest common factor of 78 and 558?
6
Calculate the highest common factor of 4 and 128.
4
What is the greatest common factor of 104 and 884?
52
What is the highest common factor of 15 and 7115?
5
What is the highest common factor of 27 and 1809?
27
What is the highest common divisor of 280 and 440?
40
Calculate the highest common divisor of 598 and 6026.
46
What is the greatest common divisor of 2419 and 59?
59
Calculate the highest common divisor of 12 and 3819.
3
What is the greatest common divisor of 240 and 1020?
60
Calculate the highest common factor of 174 and 138.
6
Calculate the highest common divisor of 1848 and 96.
24
What is the highest common factor of 1081 and 46?
23
Calculate the greatest common factor of 214 and 13054.
214
Calculate the greatest common factor of 240 and 2240.
80
What is the greatest common divisor of 40 and 155?
5
What is the greatest common divisor of 36 and 3663?
9
Calculate the greatest common divisor of 4 and 22.
2
Calculate the highest common factor of 225 and 150.
75
What is the highest common factor of 245 and 2401?
49
Calculate the greatest common divisor of 234 and 14625.
117
What is the highest common factor of 36 and 1956?
12
Calculate the greatest common divisor of 32 and 2.
2
What is the highest common divisor of 15588 and 72?
36
Calculate the greatest common factor of 868 and 140.
28
Calculate the greatest common factor of 1008 and 1386.
126
What is the highest common divisor of 9 and 39?
3
Calculate the highest common divisor of 42 and 5068.
14
Calculate the greatest common divisor of 16 and 4880.
16
Calculate the greatest common divisor of 460 and 782.
46
Calculate the highest common factor of 195 and 120.
15
What is the highest common factor of 299 and 117?
13
Calculate the highest common factor of 322 and 28.
14
Calculate the highest common divisor of 344 and 16.
8
Calculate the highest common factor of 3 and 243.
3
What is the greatest common divisor of 9789 and 39?
39
What is the greatest common factor of 53 and 14999?
53
What is the greatest common divisor of 15 and 669?
3
Calculate the greatest common divisor of 42 and 20202.
42
Calculate the greatest common factor of 4 and 3788.
4
Calculate the greatest common divisor of 3380 and 20.
20
What is the greatest common divisor of 5540 and 20?
20
Calculate the highest common factor of 145 and 1189.
29
What is the highest common divisor of 44 and 4268?
44
What is the highest common factor of 10 and 90?
10
Calculate the highest common divisor of 143 and 39.
13
Calculate the highest common divisor of 1284 and 156.
12
Calculate the greatest common divisor of 7052 and 164.
164
What is the greatest common divisor of 713 and 46?
23
What is the greatest common divisor of 11 and 1441?
11
What is the highest common divisor of 305 and 854?
61
Calculate the highest common factor of 1221 and 66.
33
What is the highest common factor of 10872 and 288?
72
What is the highest common divisor of 410 and 10?
10
Calculate the highest common factor of 6140 and 80.
20
Calculate the greatest common divisor of 140 and 80.
20
Calculate the greatest common divisor of 3948 and 168.
84
What is the greatest common factor of 28 and 84?
28
Calculate the greatest common divisor of 20 and 650.
10
What is the highest common divisor of 38 and 4237?
19
Calculate the greatest common divisor of 15677 and 61.
61
What is the greatest common divisor of 247 and 65?
13
Calc